{"id":11,"date":"2017-10-31T06:12:17","date_gmt":"2017-10-31T06:12:17","guid":{"rendered":"http:\/\/irsfoundation.com\/wp\/industrial\/\/?page_id=11"},"modified":"2024-02-28T09:05:24","modified_gmt":"2024-02-28T06:05:24","slug":"hakkimizda","status":"publish","type":"page","link":"https:\/\/sahamuhendislik.com.tr\/?page_id=11","title":{"rendered":"Hakk\u0131m\u0131zda"},"content":{"rendered":"\t\t<div data-elementor-type=\"wp-page\" data-elementor-id=\"11\" class=\"elementor elementor-11\" data-elementor-post-type=\"page\">\n\t\t\t\t<div class=\"elementor-element elementor-element-4748b74 e-flex e-con-boxed e-con e-parent\" data-id=\"4748b74\" data-element_type=\"container\" data-settings=\"{&quot;background_background&quot;:&quot;classic&quot;}\">\n\t\t\t\t\t<div class=\"e-con-inner\">\n\t\t\t\t<div class=\"elementor-element elementor-element-12ad29f elementor-widget elementor-widget-spacer\" data-id=\"12ad29f\" data-element_type=\"widget\" data-widget_type=\"spacer.default\">\n\t\t\t\t<div class=\"elementor-widget-container\">\n\t\t\t\t\t<div class=\"elementor-spacer\">\n\t\t\t<div class=\"elementor-spacer-inner\"><\/div>\n\t\t<\/div>\n\t\t\t\t<\/div>\n\t\t\t\t<\/div>\n\t\t\t\t<div class=\"elementor-element elementor-element-ad7933f elementor-widget elementor-widget-heading\" data-id=\"ad7933f\" data-element_type=\"widget\" data-widget_type=\"heading.default\">\n\t\t\t\t<div class=\"elementor-widget-container\">\n\t\t\t<h2 class=\"elementor-heading-title elementor-size-default\">Hakk\u0131m\u0131zda<\/h2>\t\t<\/div>\n\t\t\t\t<\/div>\n\t\t\t\t<div class=\"elementor-element elementor-element-ad3fe62 elementor-widget elementor-widget-spacer\" data-id=\"ad3fe62\" data-element_type=\"widget\" data-widget_type=\"spacer.default\">\n\t\t\t\t<div class=\"elementor-widget-container\">\n\t\t\t\t\t<div class=\"elementor-spacer\">\n\t\t\t<div class=\"elementor-spacer-inner\"><\/div>\n\t\t<\/div>\n\t\t\t\t<\/div>\n\t\t\t\t<\/div>\n\t\t\t\t\t<\/div>\n\t\t\t\t<\/div>\n\t\t<div class=\"elementor-element elementor-element-380dadb e-flex e-con-boxed e-con e-parent\" data-id=\"380dadb\" data-element_type=\"container\">\n\t\t\t\t\t<div class=\"e-con-inner\">\n\t\t\t\t\t<\/div>\n\t\t\t\t<\/div>\n\t\t<div class=\"elementor-element elementor-element-64cd142 e-flex e-con-boxed e-con e-parent\" data-id=\"64cd142\" data-element_type=\"container\">\n\t\t\t\t\t<div class=\"e-con-inner\">\n\t\t<div class=\"elementor-element elementor-element-ce2a299 e-con-full e-flex e-con e-child\" data-id=\"ce2a299\" data-element_type=\"container\">\n\t\t\t\t<div class=\"elementor-element elementor-element-7dae2b3 elementor-widget elementor-widget-heading\" data-id=\"7dae2b3\" data-element_type=\"widget\" data-widget_type=\"heading.default\">\n\t\t\t\t<div class=\"elementor-widget-container\">\n\t\t\t<h2 class=\"elementor-heading-title elementor-size-default\">27 YILLIK TECR\u00dcBE\n<\/h2>\t\t<\/div>\n\t\t\t\t<\/div>\n\t\t\t\t<div class=\"elementor-element elementor-element-adde484 elementor-widget elementor-widget-text-editor\" data-id=\"adde484\" data-element_type=\"widget\" data-widget_type=\"text-editor.default\">\n\t\t\t\t<div class=\"elementor-widget-container\">\n\t\t\t\t\t\t\t<p>27 y\u0131ll\u0131k piyasa tecr\u00fcbesi ard\u0131ndan kurulan Sa&amp;Ha M\u00fchendislik Asans\u00f6r, Engelli Sistemleri, Periyodik Kontrol ve Dan\u0131\u015fmanl\u0131k, alanlar\u0131nda hizmet veren, gen\u00e7 ve dinamik yap\u0131s\u0131 ile sekt\u00f6rde g\u00fcnden g\u00fcne yerini daha da sa\u011flamla\u015ft\u0131rmaktad\u0131r.<\/p><p>Kuruldu\u011fu 2015 y\u0131l\u0131ndan beri m\u00fc\u015fteri memnuniyeti odakl\u0131 ve kaliteden asla taviz vermeyen d\u00fc\u015f\u00fcnceyi ana prensip edinmi\u015ftir.<\/p><p>Makine M\u00fchendisi \u0130smail Sar\u0131g\u00fczel y\u00f6netiminde, tecr\u00fcbeli kadromuz ile mekanik tesisat, asans\u00f6r ve engelli sistemleri, do\u011falgaz, i\u015f ekipmanlar\u0131 periyodik kontrol\u00fc sistemleri alanlar\u0131nda faaliyet g\u00f6stermektedir.<\/p><p>Firmam\u0131z, Bursa merkezli olup, Marmara b\u00f6lgesinde hizmet vermektedir.<\/p>\t\t\t\t\t\t<\/div>\n\t\t\t\t<\/div>\n\t\t\t\t<\/div>\n\t\t<div class=\"elementor-element elementor-element-0a54eb4 e-con-full e-flex e-con e-child\" data-id=\"0a54eb4\" data-element_type=\"container\">\n\t\t\t\t<div class=\"elementor-element elementor-element-8a6aaf3 elementor-widget elementor-widget-image\" data-id=\"8a6aaf3\" data-element_type=\"widget\" data-widget_type=\"image.default\">\n\t\t\t\t<div class=\"elementor-widget-container\">\n\t\t\t\t\t\t\t\t\t\t\t\t\t<img fetchpriority=\"high\" decoding=\"async\" width=\"1024\" height=\"576\" src=\"https:\/\/sahamuhendislik.com.tr\/wp-content\/uploads\/2019\/11\/IMG_20191130_163755-1024x576.jpg\" class=\"attachment-large size-large wp-image-1841\" alt=\"\" srcset=\"https:\/\/sahamuhendislik.com.tr\/wp-content\/uploads\/2019\/11\/IMG_20191130_163755-1024x576.jpg 1024w, https:\/\/sahamuhendislik.com.tr\/wp-content\/uploads\/2019\/11\/IMG_20191130_163755-300x169.jpg 300w, https:\/\/sahamuhendislik.com.tr\/wp-content\/uploads\/2019\/11\/IMG_20191130_163755-768x432.jpg 768w\" sizes=\"(max-width: 1024px) 100vw, 1024px\" \/>\t\t\t\t\t\t\t\t\t\t\t\t\t<\/div>\n\t\t\t\t<\/div>\n\t\t\t\t<\/div>\n\t\t\t\t\t<\/div>\n\t\t\t\t<\/div>\n\t\t<div class=\"elementor-element elementor-element-679240b e-flex e-con-boxed e-con e-parent\" data-id=\"679240b\" data-element_type=\"container\" data-settings=\"{&quot;background_background&quot;:&quot;classic&quot;}\">\n\t\t\t\t\t<div class=\"e-con-inner\">\n\t\t<div class=\"elementor-element elementor-element-18fdfe2 e-con-full e-flex e-con e-child\" data-id=\"18fdfe2\" data-element_type=\"container\">\n\t\t\t\t<div class=\"elementor-element elementor-element-e2e4043 elementor-widget elementor-widget-text-editor\" data-id=\"e2e4043\" data-element_type=\"widget\" data-widget_type=\"text-editor.default\">\n\t\t\t\t<div class=\"elementor-widget-container\">\n\t\t\t\t\t\t\t<div class=\"my-section-title what-peopl-says my-section-title-623685b64f919 \"><h2 class=\"about-title\"><span style=\"color: #ffffff;\">KAL\u0130TE<\/span> <span style=\"color: #ffdd00;\">POL\u0130T\u0130KAMIZ<\/span><\/h2><div class=\"clearfix\"><span style=\"color: #ffffff;\">Temel prensibimiz, Profesyonel \u00e7al\u0131\u015fma ekibi ile amat\u00f6r ruhunu kaybetmeden, kaliteli, s\u00fcratli, tam zaman\u0131nda ve m\u00fc\u015fteri memnuniyeti prensibi ile hizmet verme anlay\u0131\u015f\u0131n\u0131 benimsemi\u015ftir.<\/span><\/div><\/div><div class=\"wpb_text_column wpb_content_element \"><div class=\"wpb_wrapper\"><p><span style=\"color: #ffffff;\">Sonu\u00e7 odakl\u0131 ve siz de\u011ferli m\u00fc\u015fterilerimizden gelen talepler do\u011frultusunda hi\u00e7bir kayg\u0131 i\u00e7erisinde olmadan sadece ve sadece i\u015fimizi yapmakt\u0131r.<\/span><\/p><p><span style=\"color: #ffffff;\">Biliyor ve inan\u0131yoruz ki, kalite, g\u00fcven, m\u00fc\u015fteri memnuniyeti ve s\u00f6zlerimizi tutmak bizim ana prensiplerimizdir. Bu yolda devam edece\u011fiz.<\/span><\/p><\/div><\/div>\t\t\t\t\t\t<\/div>\n\t\t\t\t<\/div>\n\t\t\t\t<\/div>\n\t\t<div class=\"elementor-element elementor-element-ef39412 e-con-full e-flex e-con e-child\" data-id=\"ef39412\" data-element_type=\"container\">\n\t\t\t\t<div class=\"elementor-element elementor-element-3a61e01 elementor-widget elementor-widget-image\" data-id=\"3a61e01\" data-element_type=\"widget\" data-widget_type=\"image.default\">\n\t\t\t\t<div class=\"elementor-widget-container\">\n\t\t\t\t\t\t\t\t\t\t\t\t\t<img decoding=\"async\" width=\"1000\" height=\"667\" src=\"https:\/\/sahamuhendislik.com.tr\/wp-content\/uploads\/2017\/11\/blog-4.jpg\" class=\"attachment-large size-large wp-image-1392\" alt=\"\" srcset=\"https:\/\/sahamuhendislik.com.tr\/wp-content\/uploads\/2017\/11\/blog-4.jpg 1000w, https:\/\/sahamuhendislik.com.tr\/wp-content\/uploads\/2017\/11\/blog-4-300x200.jpg 300w, https:\/\/sahamuhendislik.com.tr\/wp-content\/uploads\/2017\/11\/blog-4-768x512.jpg 768w, https:\/\/sahamuhendislik.com.tr\/wp-content\/uploads\/2017\/11\/blog-4-600x400.jpg 600w\" sizes=\"(max-width: 1000px) 100vw, 1000px\" \/>\t\t\t\t\t\t\t\t\t\t\t\t\t<\/div>\n\t\t\t\t<\/div>\n\t\t\t\t<\/div>\n\t\t\t\t\t<\/div>\n\t\t\t\t<\/div>\n\t\t\t\t<\/div>\n\t\t","protected":false},"excerpt":{"rendered":"<p>27 YILLIK TECR\u00dcBE 27 y\u0131ll\u0131k piyasa tecr\u00fcbesi ard\u0131ndan kurulan Sa&amp;Ha M\u00fchendislik Asans\u00f6r, Engelli Sistemleri, Periyodik Kontrol ve Dan\u0131\u015fmanl\u0131k, alanlar\u0131nda hizmet veren, gen\u00e7 [&hellip;]<\/p>\n","protected":false},"author":1,"featured_media":0,"parent":0,"menu_order":0,"comment_status":"closed","ping_status":"closed","template":"elementor_header_footer","meta":{"footnotes":""},"_links":{"self":[{"href":"https:\/\/sahamuhendislik.com.tr\/index.php?rest_route=\/wp\/v2\/pages\/11"}],"collection":[{"href":"https:\/\/sahamuhendislik.com.tr\/index.php?rest_route=\/wp\/v2\/pages"}],"about":[{"href":"https:\/\/sahamuhendislik.com.tr\/index.php?rest_route=\/wp\/v2\/types\/page"}],"author":[{"embeddable":true,"href":"https:\/\/sahamuhendislik.com.tr\/index.php?rest_route=\/wp\/v2\/users\/1"}],"replies":[{"embeddable":true,"href":"https:\/\/sahamuhendislik.com.tr\/index.php?rest_route=%2Fwp%2Fv2%2Fcomments&post=11"}],"version-history":[{"count":13,"href":"https:\/\/sahamuhendislik.com.tr\/index.php?rest_route=\/wp\/v2\/pages\/11\/revisions"}],"predecessor-version":[{"id":2214,"href":"https:\/\/sahamuhendislik.com.tr\/index.php?rest_route=\/wp\/v2\/pages\/11\/revisions\/2214"}],"wp:attachment":[{"href":"https:\/\/sahamuhendislik.com.tr\/index.php?rest_route=%2Fwp%2Fv2%2Fmedia&parent=11"}],"curies":[{"name":"wp","href":"https:\/\/api.w.org\/{rel}","templated":true}]}}